{"id":94,"date":"2022-05-28T08:55:08","date_gmt":"2022-05-28T06:55:08","guid":{"rendered":"https:\/\/biblioteka.zsgronowo.edu.pl\/?page_id=94"},"modified":"2022-09-28T12:56:59","modified_gmt":"2022-09-28T10:56:59","slug":"cyfrowe-materialy-edukacyjne","status":"publish","type":"page","link":"https:\/\/biblioteka.zsgronowo.edu.pl\/?page_id=94","title":{"rendered":"Otwarte zasoby edukacyjne"},"content":{"rendered":"\n<p class=\"has-text-align-left has-white-background-color has-background\"><strong>Teksty kultury<\/strong><br>\u2022 Federacja Bibliotek Cyfrowych &#8211;<a rel=\"noreferrer noopener\" href=\"https:\/\/fbc.pionier.net.pl\/\" target=\"_blank\"> https:\/\/fbc.pionier.net.pl\/<\/a><br>\u2022 Polona &#8211; <a rel=\"noreferrer noopener\" href=\"https:\/\/polona.pl\/\" target=\"_blank\">https:\/\/polona.pl\/<\/a><br>\u2022 Europeana &#8211; <a rel=\"noreferrer noopener\" href=\"https:\/\/www.europeana.eu\/portal\/pl\" target=\"_blank\">https:\/\/www.europeana.eu\/portal\/pl<\/a><br>\u2022 Wolne Lektury <a rel=\"noreferrer noopener\" href=\"https:\/\/wolnelektury.pl\/\" target=\"_blank\">https:\/\/wolnelektury.pl\/<\/a><br>\u2022 Lektury.gov.pl <a rel=\"noreferrer noopener\" href=\"https:\/\/lektury.gov.pl\/\" target=\"_blank\">https:\/\/lektury.gov.pl\/<\/a><br>\u2022 Wiki\u017ar\u00f3d\u0142a<br><a rel=\"noreferrer noopener\" href=\"https:\/\/pl.wikisource.org\/wiki\/Wiki%C5%BAr%C3%B3d%C5%82a:Strona_g%C5%82%C3%B3wna\" target=\"_blank\">https:\/\/pl.wikisource.org\/wiki\/Wiki%C5%BAr%C3%B3d%C5%82a:Strona_g%C5%82%C3%B3wna<\/a><br>\u2022 Chmura czytania &#8211; <a rel=\"noreferrer noopener\" href=\"http:\/\/www.chmuraczytania.pl\/index.php\" target=\"_blank\">http:\/\/www.chmuraczytania.pl\/index.php<\/a><br>\u2022 Fantastyka polska &#8211; <a rel=\"noreferrer noopener\" href=\"http:\/\/www.bazaebokow.robertjszmidt.pl\/\" target=\"_blank\">http:\/\/www.bazaebokow.robertjszmidt.pl\/<\/a><br>\u2022 Biblioteka Literatury Polskiej &#8211; <a href=\"http:\/\/literat.ug.edu.pl\/\" target=\"_blank\" rel=\"noreferrer noopener\">http:\/\/literat.ug.edu.pl\/<\/a><\/p>\n\n\n\n<p class=\"has-text-align-left has-pale-cyan-blue-background-color has-background\"><br><strong>Teksty popularnonaukowe<\/strong><br>\u2022 RCIN (PAN) &#8211; <a rel=\"noreferrer noopener\" href=\"http:\/\/rcin.org.pl\/dlibra\" target=\"_blank\">http:\/\/rcin.org.pl\/dlibra<\/a><br>\u2022 ICM UW, ((lista) ) <a rel=\"noreferrer noopener\" href=\"https:\/\/icm.edu.pl\/edukacja\/otwarta-nauka\/\" target=\"_blank\">https:\/\/icm.edu.pl\/edukacja\/otwarta-nauka\/<\/a><br>\u2022 Platforma Otwartej Nauki &#8211; <a rel=\"noreferrer noopener\" href=\"http:\/\/pon.edu.pl\/\" target=\"_blank\">http:\/\/pon.edu.pl\/<\/a><br>\u2022 CEON <a rel=\"noreferrer noopener\" href=\"https:\/\/depot.ceon.pl\/\" target=\"_blank\">https:\/\/depot.ceon.pl\/<\/a><br>\u2022 Otw\u00f3rz ksi\u0105\u017ck\u0119 <a href=\"http:\/\/otworzksiazke.pl\/\" target=\"_blank\" rel=\"noreferrer noopener\">http:\/\/otworzksiazke.pl\/<\/a><\/p>\n\n\n\n<p class=\"has-text-align-left has-white-background-color has-background\"><strong><br>Teksty edukacyjne<\/strong><br>\u2022 Platforma ZPE &#8211; <a rel=\"noreferrer noopener\" href=\"https:\/\/zpe.gov.pl\/\" target=\"_blank\">https:\/\/zpe.gov.pl\/<\/a><br>\u2022 Wiki books <a rel=\"noreferrer noopener\" href=\"https:\/\/pl.wikibooks.org\/wiki\/Wikibooks:Strona_g\u0142\u00f3wna\" target=\"_blank\">https:\/\/pl.wikibooks.org\/wiki\/Wikibooks:Strona_g\u0142\u00f3wna<\/a><br>\u2022 Curriki &#8211; <a rel=\"noreferrer noopener\" href=\"https:\/\/www.curriki.org\/\" target=\"_blank\">https:\/\/www.curriki.org\/<\/a><br>\u2022 Open Street Map <a rel=\"noreferrer noopener\" href=\"https:\/\/www.openstreetmap.org\/\" target=\"_blank\">https:\/\/www.openstreetmap.org\/<\/a><br>\u2022 Phet interaktive Simulations <a rel=\"noreferrer noopener\" href=\"https:\/\/phet.colorado.edu\/\" target=\"_blank\">https:\/\/phet.colorado.edu\/<\/a><br>\u2022 Uniwersytet Dzieci\u0119cy &#8211; <a rel=\"noreferrer noopener\" href=\"https:\/\/uniwersytetdzieci.pl\/\" target=\"_blank\">https:\/\/uniwersytetdzieci.pl\/<\/a><br>\u2022 IPN &#8211; <a rel=\"noreferrer noopener\" href=\"https:\/\/ipn.gov.pl\/pl\" target=\"_blank\">https:\/\/ipn.gov.pl\/pl<\/a><br>\u2022 Instytut Spraw Publicznych &#8211; <a rel=\"noreferrer noopener\" href=\"http:\/\/www.isp.org.pl\/\" target=\"_blank\">http:\/\/www.isp.org.pl\/<\/a><br>\u2022 Instytut Psychologii Zdrowia PTP <a rel=\"noreferrer noopener\" href=\"http:\/\/www.psychologia.edu.pl\/\" target=\"_blank\">http:\/\/www.psychologia.edu.pl\/<\/a><br>O\u015brodek Rozwoju Edukacji w Warszawie:<br>\u2022 Wydzia\u0142y (materia\u0142y do pobrania), Nasze serwisy &#8211; <a rel=\"noreferrer noopener\" href=\"https:\/\/www.ore.edu.pl\/\" target=\"_blank\">https:\/\/www.ore.edu.pl\/<\/a><br>\u2022 Materia\u0142y do pobrania <a rel=\"noreferrer noopener\" href=\"http:\/\/www.ore.edu.pl\/materialy-do-pobrania\/\" target=\"_blank\">http:\/\/www.ore.edu.pl\/materialy-do-pobrania\/<\/a><br>\u2022 Biblioteka cyfrowa ORE <a rel=\"noreferrer noopener\" href=\"http:\/\/www.bc.ore.edu.pl\/dlibra\" target=\"_blank\">http:\/\/www.bc.ore.edu.pl\/dlibr<\/a><br><\/p>\n\n\n\n<p class=\"has-pale-cyan-blue-background-color has-background\"><strong>Zdj\u0119cia<\/strong><br>\u2022 Google &#8211; grafika<br>\u2022 Pixabay <a href=\"https:\/\/pixabay.com\/pl\/\" target=\"_blank\" rel=\"noreferrer noopener\">https:\/\/pixabay.com\/pl\/<\/a><br>\u2022 Pixnio &#8211; <a rel=\"noreferrer noopener\" href=\"https:\/\/pixnio.com\/\" target=\"_blank\">https:\/\/pixnio.com\/<\/a><br>\u2022 Flickr &#8211; <a rel=\"noreferrer noopener\" href=\"https:\/\/www.flickr.com\/\" target=\"_blank\">https:\/\/www.flickr.com\/<\/a><br>\u2022 TravelCoffeeBook &#8211; <a rel=\"noreferrer noopener\" href=\"https:\/\/travelcoffeebook.com\/\" target=\"_blank\">https:\/\/travelcoffeebook.com\/<\/a><br>\u2022 Gratisography &#8211; <a rel=\"noreferrer noopener\" href=\"https:\/\/gratisography.com\/\" target=\"_blank\">https:\/\/gratisography.com\/<\/a><br>\u2022 Pickup Image &#8211; <a rel=\"noreferrer noopener\" href=\"https:\/\/pickupimage.com\/trip\/\" target=\"_blank\">https:\/\/pickupimage.com\/trip\/<\/a><br>\u2022 Unsplash <a rel=\"noreferrer noopener\" href=\"https:\/\/unsplash.com\/\" target=\"_blank\">https:\/\/unsplash.com\/<\/a><br>\u2022 Fotos for Class &#8211; <a rel=\"noreferrer noopener\" href=\"https:\/\/photosforclass.com\/\" target=\"_blank\">https:\/\/photosforclass.com\/<\/a><br>\u2022 Archiwum KARTA <a rel=\"noreferrer noopener\" href=\"https:\/\/www.foto.karta.org.pl\/\" target=\"_blank\">https:\/\/www.foto.karta.org.pl\/<\/a><br>\u2022 Polska na fotografii &#8211; <a rel=\"noreferrer noopener\" href=\"https:\/\/fotopolska.eu\/\" target=\"_blank\">https:\/\/fotopolska.eu\/<\/a><\/p>\n\n\n\n<p class=\"has-white-background-color has-background\"><strong>Ikony. Cliparty. Wektory<\/strong><br>\u2022 Noun Project for Mac <a href=\"https:\/\/thenounproject.com\/\" target=\"_blank\" rel=\"noreferrer noopener\">https:\/\/thenounproject.com\/<\/a> \u2013 zbi\u00f3r ikon<br>\u2022 Openclipart <a href=\"http:\/\/clipart-library.com\/\" target=\"_blank\" rel=\"noreferrer noopener\">http:\/\/clipart-library.com\/<\/a> \u2013 zbi\u00f3r klipart\u00f3w<br>\u2022 Publicdomainvectors &#8211; <a href=\"https:\/\/publicdomainvectors.org\/pl\/\" target=\"_blank\" rel=\"noreferrer noopener\">https:\/\/publicdomainvectors.org\/pl\/<\/a> &#8211; wektory<br>\u2022 Freepik &#8211; <a href=\"https:\/\/pl.freepik.com\/\" target=\"_blank\" rel=\"noreferrer noopener\">https:\/\/pl.freepik.com\/<\/a> (wektory, zdj\u0119cia)<br>\u2022 Vectorportal &#8211; <a href=\"https:\/\/www.vectorportal.com\/pl\/\" target=\"_blank\" rel=\"noreferrer noopener\">https:\/\/www.vectorportal.com\/pl\/<\/a> (wektory)<br>\u2022 Depozitphotos &#8211; <a href=\"https:\/\/pl.depositphotos.com\/\" target=\"_blank\" rel=\"noreferrer noopener\">https:\/\/pl.depositphotos.com\/<\/a> (wektory, ilustracje, zdj\u0119cia)<\/p>\n\n\n\n<p class=\"has-pale-cyan-blue-background-color has-background\"><strong>Graficzne pomoce edukacyjne<\/strong><br>\u2022 Eduzabawy &#8211; <a rel=\"noreferrer noopener\" href=\"https:\/\/eduzabawy.com\/\" target=\"_blank\">https:\/\/eduzabawy.com\/<\/a><br>\u2022 Inspiracje Rodzicielskie &#8211; <a href=\"https:\/\/rodzicielskieinspiracje.pl\/do-druku\/\" target=\"_blank\" rel=\"noreferrer noopener\">https:\/\/rodzicielskieinspiracje.pl\/do-druku\/<\/a><br>\u2022 SentTeacher &#8211; <a href=\"https:\/\/www.senteacher.org\/\" target=\"_blank\" rel=\"noreferrer noopener\">https:\/\/www.senteacher.org\/<\/a><br>\u2022 The Math Worksheet &#8211; <a href=\"https:\/\/themathworksheetsite.com\/\" target=\"_blank\" rel=\"noreferrer noopener\">https:\/\/themathworksheetsite.com\/<\/a><br>\u2022 The Teacher&#8217;s Corner &#8211; <a href=\"https:\/\/www.theteacherscorner.net\/\" target=\"_blank\" rel=\"noreferrer noopener\">https:\/\/www.theteacherscorner.net\/<\/a><br>\u2022 Ja koloruj\u0119 &#8211; <a href=\"https:\/\/www.jakoloruje.pl\/\" target=\"_blank\" rel=\"noreferrer noopener\">https:\/\/www.jakoloruje.pl\/<\/a><br>\u2022 Kolorowanki online &#8211; <a href=\"https:\/\/www.kolorowankionline.net\/\" target=\"_blank\" rel=\"noreferrer noopener\">https:\/\/www.kolorowankionline.net\/<\/a><br>\u2022 E-kolorowanki &#8211; <a href=\"https:\/\/www.e-kolorowanki.eu\/\" target=\"_blank\" rel=\"noreferrer noopener\">https:\/\/www.e-kolorowanki.eu\/<\/a><br>\u2022 # Color Our Collections &#8211; <a href=\"https:\/\/library.nyam.org\/colorourcollections\/\" target=\"_blank\" rel=\"noreferrer noopener\">https:\/\/library.nyam.org\/colorourcollections\/<\/a><br>\u2022 Puzzle online &#8211; <a href=\"https:\/\/www.ipuzzle.pl\/pl\" target=\"_blank\" rel=\"noreferrer noopener\">https:\/\/www.ipuzzle.pl\/pl<\/a><br>\u2022 Puzzle Factory &#8211; <a href=\"https:\/\/puzzlefactory.pl\/pl\" target=\"_blank\" rel=\"noreferrer noopener\">https:\/\/puzzlefactory.pl\/pl<\/a><\/p>\n\n\n\n<p class=\"has-white-background-color has-background\"><strong>Muzyka<\/strong><br>\u2022 Mixter &#8211; <a href=\"http:\/\/dig.ccmixter.org\/\" target=\"_blank\" rel=\"noreferrer noopener\">http:\/\/dig.ccmixter.org\/<\/a><br>\u2022 Open Music Archive &#8211; <a href=\"http:\/\/www.openmusicarchive.org\/\" target=\"_blank\" rel=\"noreferrer noopener\">http:\/\/www.openmusicarchive.org\/<\/a><br>\u2022 Musopen &#8211; <a href=\"https:\/\/musopen.org\/\" target=\"_blank\" rel=\"noreferrer noopener\">https:\/\/musopen.org\/<\/a><br>\u2022 Free Music Archive &#8211; <a href=\"https:\/\/freemusicarchive.org\/home\" target=\"_blank\" rel=\"noreferrer noopener\">https:\/\/freemusicarchive.org\/home<\/a><br>\u2022 Cyfrowa Biblioteka Polskiej Piosenki &#8211; <a href=\"https:\/\/bibliotekapiosenki.pl\/strona\/\" target=\"_blank\" rel=\"noreferrer noopener\">https:\/\/bibliotekapiosenki.pl\/strona\/<\/a><\/p>\n\n\n\n<p class=\"has-pale-cyan-blue-background-color has-background\"><strong>Filmy<\/strong><br>\u2022 Wszechnica <a href=\"https:\/\/wszechnica.org.pl\/\" target=\"_blank\" rel=\"noreferrer noopener\">https:\/\/wszechnica.org.pl\/<\/a><br>\u2022 Ted Education <a href=\"https:\/\/www.youtube.com\/user\/TEDEducation\" target=\"_blank\" rel=\"noreferrer noopener\">https:\/\/www.youtube.com\/user\/TEDEducation<\/a><br>\u2022 Teacher Tube &#8211; <a href=\"https:\/\/www.teachertube.com\/\" target=\"_blank\" rel=\"noreferrer noopener\">https:\/\/www.teachertube.com\/<\/a><br>\u2022 Ninateka &#8211; <a href=\"https:\/\/ninateka.pl\/\" target=\"_blank\" rel=\"noreferrer noopener\">https:\/\/ninateka.pl\/<\/a><br>\u2022 FIINA &#8211; <a href=\"https:\/\/fina.gov.pl\/zbiory\" target=\"_blank\" rel=\"noreferrer noopener\">https:\/\/fina.gov.pl\/zbiory<\/a> &#8211; filmy, fotografie , plakaty<br>\u2022 Adapter &#8211; <a href=\"https:\/\/adapter.pl\/\" target=\"_blank\" rel=\"noreferrer noopener\">https:\/\/adapter.pl\/<\/a><br>\u2022 JustWatsch &#8211; <a href=\"https:\/\/www.justwatch.com\/pl\" target=\"_blank\" rel=\"noreferrer noopener\">https:\/\/www.justwatch.com\/pl<\/a> (wyszukiwarka film\u00f3w komercyjnych)<\/p>\n\n\n\n<p><strong>YOU TUBE<\/strong><br><strong>Kana\u0142y j\u0119zykowe<\/strong><br>\u2022 Wolne lektury &#8211; <a rel=\"noreferrer noopener\" href=\"https:\/\/www.youtube.com\/channel\/UC8tQ54NHy56gWhlwMmOZwbA\" target=\"_blank\">https:\/\/www.youtube.com\/channel\/UC8tQ54NHy56gWhlwMmOZwbA<\/a><br>\u2022 Po cudzemu &#8211; <a rel=\"noreferrer noopener\" href=\"https:\/\/www.youtube.com\/user\/jezykalnia\" target=\"_blank\">https:\/\/www.youtube.com\/user\/jezykalnia<\/a> (j. angielski)<br>\u2022 Natalia Kamysz &#8211; <a rel=\"noreferrer noopener\" href=\"https:\/\/www.youtube.com\/channel\/UC5InDoY1Tq8H-_UbcbAUfZg\/videos\" target=\"_blank\">https:\/\/www.youtube.com\/channel\/UC5InDoY1Tq8H-_UbcbAUfZg\/videos<\/a> (j.<br>niemiecki)<br>\u2022 Anna Pop\u0142awska &#8211; <a rel=\"noreferrer noopener\" href=\"https:\/\/www.youtube.com\/channel\/UCATrdU3w0kDorRO5NCewQfg\/videos\" target=\"_blank\">https:\/\/www.youtube.com\/channel\/UCATrdU3w0kDorRO5NCewQfg\/videos<\/a> (j.<br>ang., TIK)<br><strong>Kana\u0142y edukacyjne<\/strong><br>\u2022 Asia Krzemi\u0144ska Zakr\u0119cony Belfer &#8211; <a rel=\"noreferrer noopener\" href=\"https:\/\/www.youtube.com\/c\/JoannaKrzemi%C5%84skazakreconybelfer\/featured\" target=\"_blank\">https:\/\/www.youtube.com\/c\/JoannaKrzemi%C5%84skazakreconybelfer\/featured<\/a> &#8211; j\u0119zyk polski<br>\u2022 Superbelfrzy RP &#8211; <a rel=\"noreferrer noopener\" href=\"https:\/\/www.youtube.com\/user\/superbelfrzy\" target=\"_blank\">https:\/\/www.youtube.com\/user\/superbelfrzy<\/a><br>\u2022 Terazedukacja &#8211; <a rel=\"noreferrer noopener\" href=\"https:\/\/www.youtube.com\/user\/terazedukacja\" target=\"_blank\">https:\/\/www.youtube.com\/user\/terazedukacja<\/a><br>\u2022 Dysszkola &#8211; https:\/\/www.youtube.com\/channel\/UCgCf7XmFr0DYuPftnteidqA\/videos<br><strong>Kana\u0142y popularnonaukowe<\/strong><br>\u2022 Edukator pl &#8211; <a rel=\"noreferrer noopener\" href=\"https:\/\/www.youtube.com\/user\/edukatorpl\" target=\"_blank\">https:\/\/www.youtube.com\/user\/edukatorpl<\/a><br>\u2022 Emce &#8211; <a rel=\"noreferrer noopener\" href=\"https:\/\/www.youtube.com\/c\/emce2\/featured\" target=\"_blank\">https:\/\/www.youtube.com\/c\/emce2\/featured<\/a> (filmiki naukowe)<br>\u2022 Kasia Gandor &#8211; <a rel=\"noreferrer noopener\" href=\"https:\/\/www.youtube.com\/c\/KasiaGandor\/featured\" target=\"_blank\">https:\/\/www.youtube.com\/c\/KasiaGandor\/featured <\/a>(filmy popularnonaukowe)<br>\u2022 KhanAcademyPoPolsku &#8211; <a rel=\"noreferrer noopener\" href=\"https:\/\/www.youtube.com\/c\/KhanAcademyPolski\/featured\" target=\"_blank\">https:\/\/www.youtube.com\/c\/KhanAcademyPolski\/featured<\/a><br>\u2022 Ma\u0142gorzata Brodecka &#8211; <a rel=\"noreferrer noopener\" href=\"https:\/\/www.youtube.com\/channel\/UCmiitM3wuByXXqPeP779GLQ\/featured\" target=\"_blank\">https:\/\/www.youtube.com\/channel\/UCmiitM3wuByXXqPeP779GLQ\/featured<\/a> &#8211; biologia<br>\u2022 Nie wiem, ale si\u0119 dowiem! &#8211; natura \u015bwiata i sytuacja wsp\u00f3\u0142czesnego cz\u0142owieka<br><a rel=\"noreferrer noopener\" href=\"https:\/\/www.youtube.com\/c\/Niewiemalesi%C4%99dowiem\/about\" target=\"_blank\">https:\/\/www.youtube.com\/c\/Niewiemalesi%C4%99dowiem\/about<\/a><br>\u2022 Pan Belfer &#8211; <a rel=\"noreferrer noopener\" href=\"https:\/\/www.youtube.com\/c\/PanBelfer\/featured\" target=\"_blank\">https:\/\/www.youtube.com\/c\/PanBelfer\/featured<\/a> &#8211; chemia<br>\u2022 Pi-stacja Chemia &#8211; <a rel=\"noreferrer noopener\" href=\"https:\/\/www.youtube.com\/c\/PistacjaChemia\/featured\" target=\"_blank\">https:\/\/www.youtube.com\/c\/PistacjaChemia\/featured<\/a> ; <br>Fizyka &#8211; <a rel=\"noreferrer noopener\" href=\"https:\/\/www.youtube.com\/c\/PistacjaFizyka\/featured\" target=\"_blank\">https:\/\/www.youtube.com\/c\/PistacjaFizyka\/featured<\/a> ; <br>Matematyka &#8211; <a rel=\"noreferrer noopener\" href=\"https:\/\/www.youtube.com\/c\/pistacjamatematyka\/featured\" target=\"_blank\">https:\/\/www.youtube.com\/c\/pistacjamatematyka\/featured<\/a><br>\u2022 Uwaga! Naukowy Be\u0142kot &#8211; <a href=\"https:\/\/www.youtube.com\/c\/UwagaNaukowyBe%C5%82kot\/featured\" target=\"_blank\" rel=\"noreferrer noopener\">https:\/\/www.youtube.com\/c\/UwagaNaukowyBe%C5%82kot\/featured<\/a><br>\u2022 Nauka.To lubi\u0119 &#8211; <a href=\"https:\/\/www.youtube.com\/channel\/UCtcUMxUSMWUNBfOaKUv5cjg\" target=\"_blank\" rel=\"noreferrer noopener\">https:\/\/www.youtube.com\/channel\/UCtcUMxUSMWUNBfOaKUv5cjg<\/a><br>\u2022 Fizyka od podstaw &#8211; <a href=\"https:\/\/www.youtube.com\/channel\/UCUkOfW4DelKrSeebmAFabNA\/videos\" target=\"_blank\" rel=\"noreferrer noopener\">https:\/\/www.youtube.com\/channel\/UCUkOfW4DelKrSeebmAFabNA\/videos<\/a><br>\u2022 Powt\u00f3rka z biologii &#8211; <a href=\"https:\/\/www.youtube.com\/channel\/UC72M_vR9vF67HwK4y7xwlsA\/videos\" target=\"_blank\" rel=\"noreferrer noopener\">https:\/\/www.youtube.com\/channel\/UC72M_vR9vF67HwK4y7xwlsA\/videos<\/a><\/p>\n\n\n\n<div style=\"height:100px\" aria-hidden=\"true\" class=\"wp-block-spacer\"><\/div>\n\n\n\n<p class=\"has-small-font-size\">Zebrano na podstawie opracowania Olgi Topolewskiej, Bia\u0142ystok 2022<\/p>\n","protected":false},"excerpt":{"rendered":"<p>Teksty kultury\u2022 Federacja Bibliotek Cyfrowych &#8211; https:\/\/fbc.pionier.net.pl\/\u2022 Polona &#8211; https:\/\/polona.pl\/\u2022 Europeana &#8211; https:\/\/www.europeana.eu\/portal\/pl\u2022 Wolne Lektury https:\/\/wolnelektury.pl\/\u2022 Lektury.gov.pl https:\/\/lektury.gov.pl\/\u2022 Wiki\u017ar\u00f3d\u0142ahttps:\/\/pl.wikisource.org\/wiki\/Wiki%C5%BAr%C3%B3d%C5%82a:Strona_g%C5%82%C3%B3wna\u2022 Chmura [&hellip;]<\/p>\n","protected":false},"author":4,"featured_media":0,"parent":0,"menu_order":0,"comment_status":"closed","ping_status":"closed","template":"","meta":{"footnotes":""},"class_list":["post-94","page","type-page","status-publish","hentry"],"_links":{"self":[{"href":"https:\/\/biblioteka.zsgronowo.edu.pl\/index.php?rest_route=\/wp\/v2\/pages\/94","targetHints":{"allow":["GET"]}}],"collection":[{"href":"https:\/\/biblioteka.zsgronowo.edu.pl\/index.php?rest_route=\/wp\/v2\/pages"}],"about":[{"href":"https:\/\/biblioteka.zsgronowo.edu.pl\/index.php?rest_route=\/wp\/v2\/types\/page"}],"author":[{"embeddable":true,"href":"https:\/\/biblioteka.zsgronowo.edu.pl\/index.php?rest_route=\/wp\/v2\/users\/4"}],"replies":[{"embeddable":true,"href":"https:\/\/biblioteka.zsgronowo.edu.pl\/index.php?rest_route=%2Fwp%2Fv2%2Fcomments&post=94"}],"version-history":[{"count":12,"href":"https:\/\/biblioteka.zsgronowo.edu.pl\/index.php?rest_route=\/wp\/v2\/pages\/94\/revisions"}],"predecessor-version":[{"id":184,"href":"https:\/\/biblioteka.zsgronowo.edu.pl\/index.php?rest_route=\/wp\/v2\/pages\/94\/revisions\/184"}],"wp:attachment":[{"href":"https:\/\/biblioteka.zsgronowo.edu.pl\/index.php?rest_route=%2Fwp%2Fv2%2Fmedia&parent=94"}],"curies":[{"name":"wp","href":"https:\/\/api.w.org\/{rel}","templated":true}]}}